{"id":23,"date":"2013-03-11T21:14:41","date_gmt":"2013-03-11T21:14:41","guid":{"rendered":"http:\/\/www.cantomania.at\/wordpress\/?page_id=23"},"modified":"2023-12-17T20:57:46","modified_gmt":"2023-12-17T20:57:46","slug":"fotogalerie-2","status":"publish","type":"page","link":"https:\/\/www.cantomania.at\/wordpress\/?page_id=23","title":{"rendered":"Fotogalerie"},"content":{"rendered":"\n<figure class=\"wp-block-image\"><img loading=\"lazy\" decoding=\"async\" width=\"1024\" height=\"768\" src=\"http:\/\/www.cantomania.at\/wordpress\/wp-content\/uploads\/2023\/12\/WO6-1024x768.jpg\" alt=\"\" class=\"wp-image-1137\" srcset=\"https:\/\/www.cantomania.at\/wordpress\/wp-content\/uploads\/2023\/12\/WO6-1024x768.jpg 1024w, https:\/\/www.cantomania.at\/wordpress\/wp-content\/uploads\/2023\/12\/WO6-300x225.jpg 300w, https:\/\/www.cantomania.at\/wordpress\/wp-content\/uploads\/2023\/12\/WO6-768x576.jpg 768w, https:\/\/www.cantomania.at\/wordpress\/wp-content\/uploads\/2023\/12\/WO6-800x600.jpg 800w\" sizes=\"auto, (max-width: 1024px) 100vw, 1024px\" \/><\/figure>\n\n\n\n<figure class=\"wp-block-image\"><img loading=\"lazy\" decoding=\"async\" width=\"1024\" height=\"576\" src=\"http:\/\/www.cantomania.at\/wordpress\/wp-content\/uploads\/2023\/12\/WO7-1024x576.jpg\" alt=\"\" class=\"wp-image-1134\" srcset=\"https:\/\/www.cantomania.at\/wordpress\/wp-content\/uploads\/2023\/12\/WO7-1024x576.jpg 1024w, https:\/\/www.cantomania.at\/wordpress\/wp-content\/uploads\/2023\/12\/WO7-300x169.jpg 300w, https:\/\/www.cantomania.at\/wordpress\/wp-content\/uploads\/2023\/12\/WO7-768x432.jpg 768w, https:\/\/www.cantomania.at\/wordpress\/wp-content\/uploads\/2023\/12\/WO7-800x450.jpg 800w\" sizes=\"auto, (max-width: 1024px) 100vw, 1024px\" \/><\/figure>\n\n\n\n<figure class=\"wp-block-image\"><img loading=\"lazy\" decoding=\"async\" width=\"1024\" height=\"684\" src=\"http:\/\/www.cantomania.at\/wordpress\/wp-content\/uploads\/2023\/07\/Chor-HdM-2023-1024x684.jpg\" alt=\"\" class=\"wp-image-1084\" srcset=\"https:\/\/www.cantomania.at\/wordpress\/wp-content\/uploads\/2023\/07\/Chor-HdM-2023-1024x684.jpg 1024w, https:\/\/www.cantomania.at\/wordpress\/wp-content\/uploads\/2023\/07\/Chor-HdM-2023-300x200.jpg 300w, https:\/\/www.cantomania.at\/wordpress\/wp-content\/uploads\/2023\/07\/Chor-HdM-2023-768x513.jpg 768w, https:\/\/www.cantomania.at\/wordpress\/wp-content\/uploads\/2023\/07\/Chor-HdM-2023-800x534.jpg 800w, https:\/\/www.cantomania.at\/wordpress\/wp-content\/uploads\/2023\/07\/Chor-HdM-2023.jpg 1200w\" sizes=\"auto, (max-width: 1024px) 100vw, 1024px\" \/><\/figure>\n\n\n\n<figure class=\"wp-block-image\"><img loading=\"lazy\" decoding=\"async\" width=\"1024\" height=\"768\" src=\"http:\/\/www.cantomania.at\/wordpress\/wp-content\/uploads\/2023\/07\/VierundEinzig-alle-1024x768.jpg\" alt=\"\" class=\"wp-image-1083\" srcset=\"https:\/\/www.cantomania.at\/wordpress\/wp-content\/uploads\/2023\/07\/VierundEinzig-alle-1024x768.jpg 1024w, https:\/\/www.cantomania.at\/wordpress\/wp-content\/uploads\/2023\/07\/VierundEinzig-alle-300x225.jpg 300w, https:\/\/www.cantomania.at\/wordpress\/wp-content\/uploads\/2023\/07\/VierundEinzig-alle-768x576.jpg 768w, https:\/\/www.cantomania.at\/wordpress\/wp-content\/uploads\/2023\/07\/VierundEinzig-alle-800x600.jpg 800w\" sizes=\"auto, (max-width: 1024px) 100vw, 1024px\" \/><\/figure>\n\n\n\n<figure class=\"wp-block-image\"><img loading=\"lazy\" decoding=\"async\" width=\"1024\" height=\"684\" src=\"http:\/\/www.cantomania.at\/wordpress\/wp-content\/uploads\/2019\/12\/1-WG-20191215-1969-1024x684.jpg\" alt=\"\" class=\"wp-image-888\" srcset=\"https:\/\/www.cantomania.at\/wordpress\/wp-content\/uploads\/2019\/12\/1-WG-20191215-1969.jpg 1024w, https:\/\/www.cantomania.at\/wordpress\/wp-content\/uploads\/2019\/12\/1-WG-20191215-1969-300x200.jpg 300w, https:\/\/www.cantomania.at\/wordpress\/wp-content\/uploads\/2019\/12\/1-WG-20191215-1969-768x513.jpg 768w, https:\/\/www.cantomania.at\/wordpress\/wp-content\/uploads\/2019\/12\/1-WG-20191215-1969-800x534.jpg 800w\" sizes=\"auto, (max-width: 1024px) 100vw, 1024px\" \/><figcaption>Bachs Weihnachtsoratorium im Haus der Musik, 15.12.2019. Foto: Werner Gstrein<\/figcaption><\/figure>\n\n\n\n<figure class=\"wp-block-image\"><img decoding=\"async\" src=\"http:\/\/www.cantomania.at\/wordpress\/wp-content\/uploads\/2019\/12\/WG-20191215-1964.jpg\" alt=\"\" class=\"wp-image-884\"\/><\/figure>\n\n\n<h5 style=\"text-align: center;\">Und mein Geist freuet sich<\/h5>\n<p style=\"text-align: center;\">Probenfoto, Innsbruck, St. Paulus, 17. M\u00e4rz 2018<\/p>\n<p style=\"text-align: center;\"><img loading=\"lazy\" decoding=\"async\" class=\"alignnone wp-image-743 size-full\" src=\"http:\/\/www.cantomania.at\/wordpress\/wp-content\/uploads\/2018\/03\/1-MVI_9651.jpg\" alt=\"1-MVI_9651\" width=\"1280\" height=\"720\" srcset=\"https:\/\/www.cantomania.at\/wordpress\/wp-content\/uploads\/2018\/03\/1-MVI_9651.jpg 1280w, https:\/\/www.cantomania.at\/wordpress\/wp-content\/uploads\/2018\/03\/1-MVI_9651-300x169.jpg 300w, https:\/\/www.cantomania.at\/wordpress\/wp-content\/uploads\/2018\/03\/1-MVI_9651-768x432.jpg 768w, https:\/\/www.cantomania.at\/wordpress\/wp-content\/uploads\/2018\/03\/1-MVI_9651-1024x576.jpg 1024w, https:\/\/www.cantomania.at\/wordpress\/wp-content\/uploads\/2018\/03\/1-MVI_9651-800x450.jpg 800w\" sizes=\"auto, (max-width: 1280px) 100vw, 1280px\" \/><\/p>\n<p><\/p>\n<h5 style=\"text-align: center;\">Tiroler Barocktage G\u00f6tzens- Magnificat, Marienwerke im Kontrast<\/h5>\n<p style=\"text-align: center;\">21.05.2017<\/p>\n<p><img loading=\"lazy\" decoding=\"async\" class=\"aligncenter wp-image-648 size-full\" src=\"http:\/\/www.cantomania.at\/wordpress\/wp-content\/uploads\/2017\/05\/IMG_4132.jpg\" alt=\"IMG_4132\" width=\"3412\" height=\"1920\" srcset=\"https:\/\/www.cantomania.at\/wordpress\/wp-content\/uploads\/2017\/05\/IMG_4132.jpg 3412w, https:\/\/www.cantomania.at\/wordpress\/wp-content\/uploads\/2017\/05\/IMG_4132-300x169.jpg 300w, https:\/\/www.cantomania.at\/wordpress\/wp-content\/uploads\/2017\/05\/IMG_4132-768x432.jpg 768w, https:\/\/www.cantomania.at\/wordpress\/wp-content\/uploads\/2017\/05\/IMG_4132-1024x576.jpg 1024w, https:\/\/www.cantomania.at\/wordpress\/wp-content\/uploads\/2017\/05\/IMG_4132-800x450.jpg 800w\" sizes=\"auto, (max-width: 3412px) 100vw, 3412px\" \/><\/p>\n<h5 style=\"text-align: center;\">&nbsp;<\/h5>\n<h5 style=\"text-align: center;\">Carl ORFF, Catulli Carmina, 4.3.17<\/h5>\n<p><\/p>\n<p><img loading=\"lazy\" decoding=\"async\" class=\"aligncenter wp-image-597 size-full\" src=\"http:\/\/www.cantomania.at\/wordpress\/wp-content\/uploads\/2017\/03\/3-IMG_1042.jpg\" alt=\"3-IMG_1042\" width=\"1024\" height=\"768\" srcset=\"https:\/\/www.cantomania.at\/wordpress\/wp-content\/uploads\/2017\/03\/3-IMG_1042.jpg 1024w, https:\/\/www.cantomania.at\/wordpress\/wp-content\/uploads\/2017\/03\/3-IMG_1042-300x225.jpg 300w, https:\/\/www.cantomania.at\/wordpress\/wp-content\/uploads\/2017\/03\/3-IMG_1042-768x576.jpg 768w, https:\/\/www.cantomania.at\/wordpress\/wp-content\/uploads\/2017\/03\/3-IMG_1042-800x600.jpg 800w\" sizes=\"auto, (max-width: 1024px) 100vw, 1024px\" \/><\/p>\n<h5 style=\"text-align: center;\">&nbsp;<\/h5>\n<h5 style=\"text-align: center;\">&nbsp;<\/h5>\n<h5 style=\"text-align: center;\">&nbsp;<\/h5>\n<p><\/p>\n<h5 style=\"text-align: center;\">&nbsp;<\/h5>\n<h5 style=\"text-align: center;\">Projekt &#8222;fliehen&#8220;, Bilder von den Konzerten in Locherboden, dem H\u00f6ttinger Bild und der Kronburg<\/h5>\n<p style=\"text-align: center;\">17.01.2016, 01.05.2016<\/p>\n<h5 style=\"text-align: center;\"><img loading=\"lazy\" decoding=\"async\" class=\"aligncenter wp-image-482 size-large\" src=\"http:\/\/www.cantomania.at\/wordpress\/wp-content\/uploads\/2017\/01\/1-IMG_3025-768x1024.jpg\" alt=\"1-IMG_3025\" width=\"500\" height=\"667\" srcset=\"https:\/\/www.cantomania.at\/wordpress\/wp-content\/uploads\/2017\/01\/1-IMG_3025-768x1024.jpg 768w, https:\/\/www.cantomania.at\/wordpress\/wp-content\/uploads\/2017\/01\/1-IMG_3025-225x300.jpg 225w, https:\/\/www.cantomania.at\/wordpress\/wp-content\/uploads\/2017\/01\/1-IMG_3025-600x800.jpg 600w\" sizes=\"auto, (max-width: 500px) 100vw, 500px\" \/><\/h5>\n<p><\/p>\n<p style=\"text-align: justify;\"><img loading=\"lazy\" decoding=\"async\" class=\"aligncenter wp-image-481 size-large\" src=\"http:\/\/www.cantomania.at\/wordpress\/wp-content\/uploads\/2017\/01\/20160117_235558-1-670x1024.jpg\" alt=\"20160117_235558-1\" width=\"500\" height=\"764\" srcset=\"https:\/\/www.cantomania.at\/wordpress\/wp-content\/uploads\/2017\/01\/20160117_235558-1-670x1024.jpg 670w, https:\/\/www.cantomania.at\/wordpress\/wp-content\/uploads\/2017\/01\/20160117_235558-1-196x300.jpg 196w, https:\/\/www.cantomania.at\/wordpress\/wp-content\/uploads\/2017\/01\/20160117_235558-1-768x1174.jpg 768w, https:\/\/www.cantomania.at\/wordpress\/wp-content\/uploads\/2017\/01\/20160117_235558-1-523x800.jpg 523w, https:\/\/www.cantomania.at\/wordpress\/wp-content\/uploads\/2017\/01\/20160117_235558-1.jpg 1053w\" sizes=\"auto, (max-width: 500px) 100vw, 500px\" \/><\/p>\n<p style=\"text-align: justify;\"><img loading=\"lazy\" decoding=\"async\" class=\"aligncenter wp-image-483 size-full\" src=\"http:\/\/www.cantomania.at\/wordpress\/wp-content\/uploads\/2017\/01\/5-IMG_0447.jpg\" alt=\"5-IMG_0447\" width=\"640\" height=\"480\" srcset=\"https:\/\/www.cantomania.at\/wordpress\/wp-content\/uploads\/2017\/01\/5-IMG_0447.jpg 640w, https:\/\/www.cantomania.at\/wordpress\/wp-content\/uploads\/2017\/01\/5-IMG_0447-300x225.jpg 300w\" sizes=\"auto, (max-width: 640px) 100vw, 640px\" \/><\/p>\n<p><\/p>\n<h5 style=\"text-align: center;\">Matth\u00e4us Passion Innsbruck-Allerheiligen<\/h5>\n<p style=\"text-align: center;\">M\u00e4rz 2016<\/p>\n<p><img loading=\"lazy\" decoding=\"async\" class=\"aligncenter wp-image-486 size-full\" src=\"http:\/\/www.cantomania.at\/wordpress\/wp-content\/uploads\/2017\/01\/1-IMG_3447.jpg\" alt=\"1-IMG_3447\" width=\"1824\" height=\"1368\" srcset=\"https:\/\/www.cantomania.at\/wordpress\/wp-content\/uploads\/2017\/01\/1-IMG_3447.jpg 1824w, https:\/\/www.cantomania.at\/wordpress\/wp-content\/uploads\/2017\/01\/1-IMG_3447-300x225.jpg 300w, https:\/\/www.cantomania.at\/wordpress\/wp-content\/uploads\/2017\/01\/1-IMG_3447-768x576.jpg 768w, https:\/\/www.cantomania.at\/wordpress\/wp-content\/uploads\/2017\/01\/1-IMG_3447-1024x768.jpg 1024w, https:\/\/www.cantomania.at\/wordpress\/wp-content\/uploads\/2017\/01\/1-IMG_3447-800x600.jpg 800w\" sizes=\"auto, (max-width: 1824px) 100vw, 1824px\" \/><\/p>\n<h5 style=\"text-align: center;\">&nbsp;<\/h5>\n<h5 style=\"text-align: center;\">Cantomania und Kammerchor Fresco Vocalis<\/h5>\n<p style=\"text-align: center;\">beim gemeinsamen Probenwochenende in Fiecht<\/p>\n<p style=\"text-align: center;\">J\u00e4nner 2016<\/p>\n<p style=\"text-align: center;\"><img loading=\"lazy\" decoding=\"async\" class=\"aligncenter wp-image-362 size-full\" src=\"http:\/\/www.cantomania.at\/wordpress\/wp-content\/uploads\/2013\/03\/cantomaniafresco.jpg\" width=\"2362\" height=\"1572\" srcset=\"https:\/\/www.cantomania.at\/wordpress\/wp-content\/uploads\/2013\/03\/cantomaniafresco.jpg 2362w, https:\/\/www.cantomania.at\/wordpress\/wp-content\/uploads\/2013\/03\/cantomaniafresco-300x200.jpg 300w, https:\/\/www.cantomania.at\/wordpress\/wp-content\/uploads\/2013\/03\/cantomaniafresco-768x511.jpg 768w, https:\/\/www.cantomania.at\/wordpress\/wp-content\/uploads\/2013\/03\/cantomaniafresco-1024x682.jpg 1024w, https:\/\/www.cantomania.at\/wordpress\/wp-content\/uploads\/2013\/03\/cantomaniafresco-800x532.jpg 800w\" sizes=\"auto, (max-width: 2362px) 100vw, 2362px\" \/><\/p>\n<h5 style=\"text-align: center;\">Chorreise nach Bezau (Juni 2015)<\/h5>\n<p><img loading=\"lazy\" decoding=\"async\" class=\"alignnone wp-image-491 size-full\" src=\"http:\/\/www.cantomania.at\/wordpress\/wp-content\/uploads\/2017\/01\/1-IMG_1019.jpg\" alt=\"1-IMG_1019\" width=\"2585\" height=\"1721\" srcset=\"https:\/\/www.cantomania.at\/wordpress\/wp-content\/uploads\/2017\/01\/1-IMG_1019.jpg 2585w, https:\/\/www.cantomania.at\/wordpress\/wp-content\/uploads\/2017\/01\/1-IMG_1019-300x200.jpg 300w, https:\/\/www.cantomania.at\/wordpress\/wp-content\/uploads\/2017\/01\/1-IMG_1019-768x511.jpg 768w, https:\/\/www.cantomania.at\/wordpress\/wp-content\/uploads\/2017\/01\/1-IMG_1019-1024x682.jpg 1024w, https:\/\/www.cantomania.at\/wordpress\/wp-content\/uploads\/2017\/01\/1-IMG_1019-800x533.jpg 800w\" sizes=\"auto, (max-width: 2585px) 100vw, 2585px\" \/><\/p>\n<p><\/p>\n<p style=\"text-align: center;\"><strong>Johann Sebastian Bach: Weihnachtsoratorium<br \/><\/strong>(Pfarrkirche Silz, Gro\u00dfer Stadtsaal Innsbruck)<\/p>\n<p style=\"text-align: center;\"><a href=\"http:\/\/www.cantomania.at\/wordpress\/wp-content\/uploads\/2015\/01\/WG-20141206-5801-Kopie.jpg\"><img loading=\"lazy\" decoding=\"async\" class=\"alignnone wp-image-260 size-medium\" src=\"http:\/\/www.cantomania.at\/wordpress\/wp-content\/uploads\/2015\/01\/WG-20141206-5801-Kopie.jpg\" alt=\"WG-20141206-5801 - Kopie\" width=\"940\" height=\"625\"\/><\/a><\/p>\n<p style=\"text-align: center;\"><a href=\"http:\/\/www.cantomania.at\/wordpress\/wp-content\/uploads\/2015\/01\/WG-20141208-5873-Kopie.jpg\"><img loading=\"lazy\" decoding=\"async\" class=\"alignnone wp-image-259 size-medium\" src=\"http:\/\/www.cantomania.at\/wordpress\/wp-content\/uploads\/2015\/01\/WG-20141208-5873-Kopie.jpg\" alt=\"WG-20141208-5873 - Kopie\" width=\"1064\" height=\"708\"\/><\/a><\/p>\n<p style=\"text-align: center;\"><a href=\"http:\/\/www.cantomania.at\/wordpress\/wp-content\/uploads\/2015\/01\/WG-20141208-5871-Kopie.jpg\"><img decoding=\"async\" class=\"alignnone size-medium wp-image-265\" src=\"http:\/\/www.cantomania.at\/wordpress\/wp-content\/uploads\/2015\/01\/WG-20141208-5871-Kopie.jpg\" alt=\"WG-20141208-5871 - Kopie\"\/><\/a><\/p>\n<p style=\"text-align: center;\"><a href=\"http:\/\/www.cantomania.at\/wordpress\/wp-content\/uploads\/2015\/01\/WG-20141208-5860-Kopie.jpg\"><img decoding=\"async\" class=\"alignnone size-medium wp-image-264\" src=\"http:\/\/www.cantomania.at\/wordpress\/wp-content\/uploads\/2015\/01\/WG-20141208-5860-Kopie.jpg\" alt=\"WG-20141208-5860 - Kopie\"\/><\/a><\/p>\n<p style=\"text-align: center;\">&nbsp;<\/p>\n<p style=\"text-align: center;\"><a href=\"http:\/\/www.cantomania.at\/wordpress\/wp-content\/uploads\/2015\/01\/WG-20141206-5743-Kopie.jpg\"><img decoding=\"async\" class=\"alignnone size-medium wp-image-262\" src=\"http:\/\/www.cantomania.at\/wordpress\/wp-content\/uploads\/2015\/01\/WG-20141206-5743-Kopie.jpg\" alt=\"WG-20141206-5743 - Kopie\"\/><\/a><\/p>\n<h5 style=\"text-align: center;\">Cantomania bei den Klangspuren in Franzenfeste<\/h5>\n<p style=\"text-align: center;\">September 2014<\/p>\n<p><img loading=\"lazy\" decoding=\"async\" class=\"aligncenter wp-image-487 size-full\" src=\"http:\/\/www.cantomania.at\/wordpress\/wp-content\/uploads\/2017\/01\/2-IMG_1090.jpg\" alt=\"2-IMG_1090\" width=\"2736\" height=\"3648\" srcset=\"https:\/\/www.cantomania.at\/wordpress\/wp-content\/uploads\/2017\/01\/2-IMG_1090.jpg 2736w, https:\/\/www.cantomania.at\/wordpress\/wp-content\/uploads\/2017\/01\/2-IMG_1090-225x300.jpg 225w, https:\/\/www.cantomania.at\/wordpress\/wp-content\/uploads\/2017\/01\/2-IMG_1090-768x1024.jpg 768w, https:\/\/www.cantomania.at\/wordpress\/wp-content\/uploads\/2017\/01\/2-IMG_1090-600x800.jpg 600w\" sizes=\"auto, (max-width: 2736px) 100vw, 2736px\" \/><\/p>\n<p style=\"text-align: center;\"><strong>Johann Sebastian Bach: Weihnachtsoratorium, Kantaten I, IV &amp; VI<\/strong><\/p>\n<p style=\"text-align: center;\"><strong>Konzert am 3. Dezember 2011 in der Stiftskirche Fiecht:<\/strong><\/p>\n<p style=\"text-align: center;\"><a href=\"http:\/\/www.cantomania.at\/wordpress\/wp-content\/uploads\/2013\/03\/Fiecht-5-2.jpg\"><img decoding=\"async\" class=\"size-medium wp-image-105 aligncenter\" src=\"http:\/\/www.cantomania.at\/wordpress\/wp-content\/uploads\/2013\/03\/Fiecht-5-2.jpg\" alt=\"Fiecht 5 (2)\"\/><\/a><\/p>\n<p style=\"text-align: center;\"><strong>&#8222;Zigeuner und andere Lieder&#8220; &#8211; Mai 2011, Saal des Landeskonservatoriums Innsbruck<\/strong><\/p>\n<p style=\"text-align: left;\"><a href=\"http:\/\/www.cantomania.at\/wordpress\/wp-content\/uploads\/2013\/03\/Brahms2011-1.jpg\"><img loading=\"lazy\" decoding=\"async\" class=\"aligncenter wp-image-30 size-full\" src=\"http:\/\/www.cantomania.at\/wordpress\/wp-content\/uploads\/2013\/03\/Brahms2011-1.jpg\" alt=\"Brahms2011-1\" width=\"640\" height=\"428\" srcset=\"https:\/\/www.cantomania.at\/wordpress\/wp-content\/uploads\/2013\/03\/Brahms2011-1.jpg 640w, https:\/\/www.cantomania.at\/wordpress\/wp-content\/uploads\/2013\/03\/Brahms2011-1-300x200.jpg 300w\" sizes=\"auto, (max-width: 640px) 100vw, 640px\" \/><\/a><\/p>\n<p style=\"text-align: center;\"><strong>Adventkonzerte 2010<\/strong><\/p>\n<p>&nbsp;<a href=\"http:\/\/www.cantomania.at\/wordpress\/wp-content\/uploads\/2013\/03\/Adventkonzert-2010.jpg\"><img decoding=\"async\" class=\"alignnone size-medium wp-image-31\" src=\"http:\/\/www.cantomania.at\/wordpress\/wp-content\/uploads\/2013\/03\/Adventkonzert-2010.jpg\" alt=\"Bach-Konzert zum 1. Advent - Chor &amp; Barockorchester Cantomania I\"\/><\/a><\/p>\n<p style=\"text-align: center;\"><strong>Konzerttournee 2010 mit dem Colloquium Chor F\u00fcssen:<\/strong><\/p>\n<p style=\"text-align: center;\"><strong>Festspielhaus F\u00fcssen<\/strong><\/p>\n<p>&nbsp;<a href=\"http:\/\/www.cantomania.at\/wordpress\/wp-content\/uploads\/2013\/03\/Luna-Chiarina.jpg\"><img decoding=\"async\" class=\"alignnone size-medium wp-image-36\" src=\"http:\/\/www.cantomania.at\/wordpress\/wp-content\/uploads\/2013\/03\/Luna-Chiarina.jpg\" alt=\"Luna Chiarina\"\/><\/a><\/p>\n<p style=\"text-align: center;\"><strong>Chor Cantomania 2009:<\/strong><\/p>\n<p><a href=\"http:\/\/www.cantomania.at\/wordpress\/wp-content\/uploads\/2013\/03\/Chor-2009.jpg\"><img loading=\"lazy\" decoding=\"async\" class=\"aligncenter\" src=\"http:\/\/www.cantomania.at\/wordpress\/wp-content\/uploads\/2013\/03\/Chor-2009-300x224.jpg\" alt=\"Chor 2009\" width=\"300\" height=\"224\"\/><\/a><\/p>\n<p style=\"text-align: center;\"><strong>Schubert-Konzerte 2008:<\/strong><\/p>\n<p><a href=\"http:\/\/www.cantomania.at\/wordpress\/wp-content\/uploads\/2013\/03\/Schubert-Konzerte-2008-1.jpg\"><img loading=\"lazy\" decoding=\"async\" class=\"size-medium wp-image-37 aligncenter\" src=\"http:\/\/www.cantomania.at\/wordpress\/wp-content\/uploads\/2013\/03\/Schubert-Konzerte-2008-1-300x199.jpg\" alt=\"Schubert-Konzerte 2008 (1)\" width=\"300\" height=\"199\" srcset=\"https:\/\/www.cantomania.at\/wordpress\/wp-content\/uploads\/2013\/03\/Schubert-Konzerte-2008-1-300x199.jpg 300w, https:\/\/www.cantomania.at\/wordpress\/wp-content\/uploads\/2013\/03\/Schubert-Konzerte-2008-1.jpg 320w\" sizes=\"auto, (max-width: 300px) 100vw, 300px\" \/><\/a><\/p>\n<p><\/p>\n<div id=\"attachment_38\" style=\"width: 310px\" class=\"wp-caption aligncenter\"><a href=\"http:\/\/www.cantomania.at\/wordpress\/wp-content\/uploads\/2013\/03\/Schubert-Konzerte-2008-2.jpg\"><img loading=\"lazy\" decoding=\"async\" aria-describedby=\"caption-attachment-38\" class=\"size-medium wp-image-38\" src=\"http:\/\/www.cantomania.at\/wordpress\/wp-content\/uploads\/2013\/03\/Schubert-Konzerte-2008-2-300x206.jpg\" alt=\"Solisten (von links): Steffen R\u00f6ssler, Christoph R\u00f6sel, Elisabeth M\u00fcller, Kerstin Gieber\" width=\"300\" height=\"206\" srcset=\"https:\/\/www.cantomania.at\/wordpress\/wp-content\/uploads\/2013\/03\/Schubert-Konzerte-2008-2-300x206.jpg 300w, https:\/\/www.cantomania.at\/wordpress\/wp-content\/uploads\/2013\/03\/Schubert-Konzerte-2008-2.jpg 320w\" sizes=\"auto, (max-width: 300px) 100vw, 300px\" \/><\/a><p id=\"caption-attachment-38\" class=\"wp-caption-text\">Solisten (von links): Steffen R\u00f6ssler, Christoph R\u00f6sel, Elisabeth M\u00fcller, Kerstin Gieber<\/p><\/div>\n<p><a href=\"http:\/\/www.cantomania.at\/wordpress\/wp-content\/uploads\/2013\/03\/Schubert-Konzerte-2008-3.jpg\"><img loading=\"lazy\" decoding=\"async\" class=\"size-medium wp-image-39 aligncenter\" src=\"http:\/\/www.cantomania.at\/wordpress\/wp-content\/uploads\/2013\/03\/Schubert-Konzerte-2008-3-300x161.jpg\" alt=\"Schubert-Konzerte 2008 (3)\" width=\"300\" height=\"161\" srcset=\"https:\/\/www.cantomania.at\/wordpress\/wp-content\/uploads\/2013\/03\/Schubert-Konzerte-2008-3-300x161.jpg 300w, https:\/\/www.cantomania.at\/wordpress\/wp-content\/uploads\/2013\/03\/Schubert-Konzerte-2008-3.jpg 320w\" sizes=\"auto, (max-width: 300px) 100vw, 300px\" \/><\/a><\/p>\n<p><a href=\"http:\/\/www.cantomania.at\/wordpress\/wp-content\/uploads\/2013\/03\/Schubert-Konzerte-2008-4.jpg\"><img loading=\"lazy\" decoding=\"async\" class=\"size-medium wp-image-40 aligncenter\" src=\"http:\/\/www.cantomania.at\/wordpress\/wp-content\/uploads\/2013\/03\/Schubert-Konzerte-2008-4-300x199.jpg\" alt=\"Schubert-Konzerte 2008 (4)\" width=\"300\" height=\"199\" srcset=\"https:\/\/www.cantomania.at\/wordpress\/wp-content\/uploads\/2013\/03\/Schubert-Konzerte-2008-4-300x199.jpg 300w, https:\/\/www.cantomania.at\/wordpress\/wp-content\/uploads\/2013\/03\/Schubert-Konzerte-2008-4.jpg 320w\" sizes=\"auto, (max-width: 300px) 100vw, 300px\" \/><\/a><\/p>\n<p><a href=\"http:\/\/www.cantomania.at\/wordpress\/wp-content\/uploads\/2013\/03\/Schubert-Konzerte-2008-5.jpg\"><img loading=\"lazy\" decoding=\"async\" class=\"size-medium wp-image-41 aligncenter\" src=\"http:\/\/www.cantomania.at\/wordpress\/wp-content\/uploads\/2013\/03\/Schubert-Konzerte-2008-5-300x187.jpg\" alt=\"Schubert-Konzerte 2008 (5)\" width=\"300\" height=\"187\" srcset=\"https:\/\/www.cantomania.at\/wordpress\/wp-content\/uploads\/2013\/03\/Schubert-Konzerte-2008-5-300x187.jpg 300w, https:\/\/www.cantomania.at\/wordpress\/wp-content\/uploads\/2013\/03\/Schubert-Konzerte-2008-5.jpg 320w\" sizes=\"auto, (max-width: 300px) 100vw, 300px\" \/><\/a><\/p>","protected":false},"excerpt":{"rendered":"<p>Und mein Geist freuet sich Probenfoto, Innsbruck, St. Paulus, 17. M\u00e4rz 2018 Tiroler Barocktage G\u00f6tzens- Magnificat, Marienwerke im Kontrast 21.05.2017 &nbsp; Carl ORFF, Catulli Carmina, 4.3.17 &nbsp; &nbsp; &nbsp; &nbsp; Projekt &#8222;fliehen&#8220;, Bilder von den Konzerten in Locherboden, dem H\u00f6ttinger &hellip; <a href=\"https:\/\/www.cantomania.at\/wordpress\/?page_id=23\">Weiterlesen <span class=\"meta-nav\">&rarr;<\/span><\/a><\/p>\n","protected":false},"author":1,"featured_media":0,"parent":0,"menu_order":0,"comment_status":"open","ping_status":"open","template":"","meta":{"footnotes":""},"class_list":["post-23","page","type-page","status-publish","hentry"],"_links":{"self":[{"href":"https:\/\/www.cantomania.at\/wordpress\/index.php?rest_route=\/wp\/v2\/pages\/23","targetHints":{"allow":["GET"]}}],"collection":[{"href":"https:\/\/www.cantomania.at\/wordpress\/index.php?rest_route=\/wp\/v2\/pages"}],"about":[{"href":"https:\/\/www.cantomania.at\/wordpress\/index.php?rest_route=\/wp\/v2\/types\/page"}],"author":[{"embeddable":true,"href":"https:\/\/www.cantomania.at\/wordpress\/index.php?rest_route=\/wp\/v2\/users\/1"}],"replies":[{"embeddable":true,"href":"https:\/\/www.cantomania.at\/wordpress\/index.php?rest_route=%2Fwp%2Fv2%2Fcomments&post=23"}],"version-history":[{"count":62,"href":"https:\/\/www.cantomania.at\/wordpress\/index.php?rest_route=\/wp\/v2\/pages\/23\/revisions"}],"predecessor-version":[{"id":1138,"href":"https:\/\/www.cantomania.at\/wordpress\/index.php?rest_route=\/wp\/v2\/pages\/23\/revisions\/1138"}],"wp:attachment":[{"href":"https:\/\/www.cantomania.at\/wordpress\/index.php?rest_route=%2Fwp%2Fv2%2Fmedia&parent=23"}],"curies":[{"name":"wp","href":"https:\/\/api.w.org\/{rel}","templated":true}]}}